{"id":4992,"date":"2024-09-15T16:13:13","date_gmt":"2024-09-15T15:13:13","guid":{"rendered":"https:\/\/www.ahmadsab.xyz\/?page_id=4992"},"modified":"2024-09-15T16:17:41","modified_gmt":"2024-09-15T15:17:41","slug":"politica-sui-cookie","status":"publish","type":"page","link":"https:\/\/masusaagriturismo.com\/index.php\/politica-sui-cookie\/","title":{"rendered":"Politica sui Cookie"},"content":{"rendered":"\t\t<div data-elementor-type=\"wp-page\" data-elementor-id=\"4992\" class=\"elementor elementor-4992\">\n\t\t\t\t        <section class=\"elementor-section elementor-top-section elementor-element elementor-element-0ac7dd0 elementor-section-boxed elementor-section-height-default elementor-section-height-default ct-header-fixed-none ct-row-max-none\" data-id=\"0ac7dd0\" data-element_type=\"section\">\n            \n                        <div class=\"elementor-container elementor-column-gap-default \">\n                    <div class=\"elementor-column elementor-col-100 elementor-top-column elementor-element elementor-element-dc5c886\" data-id=\"dc5c886\" data-element_type=\"column\">\n        <div class=\"elementor-widget-wrap elementor-element-populated\">\n                    \n        \t\t<div class=\"elementor-element elementor-element-d05ede9 elementor-invisible elementor-widget elementor-widget-ct_heading\" data-id=\"d05ede9\" data-element_type=\"widget\" data-settings=\"{&quot;_animation&quot;:&quot;fadeInLeft&quot;}\" data-widget_type=\"ct_heading.default\">\n\t\t\t\t<div class=\"elementor-widget-container\">\n\t\t\t\t\t<div class=\"ct-heading h-align-  sub-style1 ct-heading-left item-st-default\">\r\n\t    <h3 class=\"item--title st-default \" data-wow-delay=\"ms\">\r\n                <span class=\"sp-main\">\r\n            \r\n            Politica sui Cookie\r\n            \r\n                    <\/span>\r\n            <\/h3>\r\n<\/div>\t\t\t\t<\/div>\n\t\t\t\t<\/div>\n\t\t\t\t<div class=\"elementor-element elementor-element-728e02c elementor-invisible elementor-widget elementor-widget-ct_text_editor\" data-id=\"728e02c\" data-element_type=\"widget\" data-settings=\"{&quot;_animation&quot;:&quot;fadeInLeft&quot;}\" data-widget_type=\"ct_text_editor.default\">\n\t\t\t\t<div class=\"elementor-widget-container\">\n\t\t\t\t\t<div id=\"ct_text_editor-728e02c\" class=\"ct-text-editor \" data-wow-delay=\"ms\">\n\t<div class=\"ct-inline-css\"  data-css=\"\n        \t\t\">\n\n    <\/div>\n\t<div class=\"ct-text-editor elementor-clearfix\">\n\t\t<p>Masusagri (collettivamente \u201cNome Negozio Commerciante\u201d, \u201cnoi\u201d , \u201ccontrollo dati\u201d) rispettano la privacy dell&#8217;utente. Garantiamo che la privacy dell&#8217;utente \u00e8 protetta durante l&#8217;utilizzo del nostro sito Web o durante l&#8217;effettuazione degli ordini online.<br \/>Masusagri fornisce beni e servizi ed \u00e8 il titolare del trattamento dei dati personali che l&#8217;utente fornisce quando effettua gli ordini.<br \/>Il Responsabile della protezione dei dati per Masusagri pu\u00f2 essere contattato tramite il modulo di contatto che si trova in fondo a questa pagina.<br \/>La presente Informativa sulla privacy descrive le modalit\u00e0 con cui le informazioni personali dell&#8217;utente vengono raccolte, utilizzate e condivise quando visita o effettua un acquisto da masusagri-1.sumupstore.com (\u201cSito\u201d).<\/p>\t\t\n\t<\/div>\n<\/div>\t\t\t\t<\/div>\n\t\t\t\t<\/div>\n\t\t\t\t<div class=\"elementor-element elementor-element-5e8e2d7 elementor-invisible elementor-widget elementor-widget-ct_heading\" data-id=\"5e8e2d7\" data-element_type=\"widget\" data-settings=\"{&quot;_animation&quot;:&quot;fadeInLeft&quot;}\" data-widget_type=\"ct_heading.default\">\n\t\t\t\t<div class=\"elementor-widget-container\">\n\t\t\t\t\t<div class=\"ct-heading h-align-  sub-style1 ct-heading-left item-st-default\">\r\n\t    <h3 class=\"item--title st-default \" data-wow-delay=\"ms\">\r\n                <span class=\"sp-main\">\r\n            \r\n            Cosa sono i cookie, i web beacon e tecnologie simili?\r\n            \r\n                    <\/span>\r\n            <\/h3>\r\n<\/div>\t\t\t\t<\/div>\n\t\t\t\t<\/div>\n\t\t\t\t<div class=\"elementor-element elementor-element-12f0209 elementor-invisible elementor-widget elementor-widget-ct_text_editor\" data-id=\"12f0209\" data-element_type=\"widget\" data-settings=\"{&quot;_animation&quot;:&quot;fadeInLeft&quot;}\" data-widget_type=\"ct_text_editor.default\">\n\t\t\t\t<div class=\"elementor-widget-container\">\n\t\t\t\t\t<div id=\"ct_text_editor-12f0209\" class=\"ct-text-editor \" data-wow-delay=\"ms\">\n\t<div class=\"ct-inline-css\"  data-css=\"\n        \t\t\">\n\n    <\/div>\n\t<div class=\"ct-text-editor elementor-clearfix\">\n\t\t<p>Come la maggior parte dei siti, utilizziamo tecnologie che ci consentono di registrare determinate informazioni ogniqualvolta l&#8217;utente visita o interagisce con i nostri siti, servizi, applicazioni, piattaforme di messaggistica e strumenti. Queste tecnologie non sono altro che piccoli file di dati archiviati nel computer, tablet, telefono cellulare o altri dispositivi dell&#8217;utente (definiti collettivamente &#8220;dispositivo&#8221;).<\/p><p>Le denominazioni e le tipologie specifiche di cookie, web beacon e altre tecnologie simili da noi utilizzate possono cambiare nel corso del tempo. Affinch\u00e9 l&#8217;utente possa meglio comprendere la presente Politica e l&#8217;utilizzo che facciamo di queste tecnologie, di seguito viene riportato un elenco limitato di termini e definizioni:<\/p><p><strong>Cookie:<\/strong><br \/>piccoli file di testo (di solito composti da lettere e numeri) archiviati nella memoria del browser o del dispositivo dell&#8217;utente quando questi visita un sito web o visualizza un messaggio. I cookie permettono a un sito web di riconoscere un determinato dispositivo o browser.<\/p><p>Esistono numerose tipologie di cookie:<br \/><strong>I cookie di sessione<\/strong>\u00a0scadono al termine della sessione di navigazione e ci permettono di collegare tra loro le azioni compiute dall&#8217;utente durante quella sessione.<\/p><p><strong>I cookie persistenti<\/strong>\u00a0vengono memorizzati nel dispositivo dell&#8217;utente durante le varie sessioni di navigazione con il browser e ci consentono di ricordare le preferenze o le azioni compiute da questi su pi\u00f9 siti.<\/p><p><strong>I cookie di prima parte<\/strong>\u00a0vengono impostati dal sito visitato dall&#8217;utente.<\/p><p><strong>I cookie di terze parti<\/strong>\u00a0vengono impostati da un sito esterno separato dal sito visitato dall&#8217;utente.<\/p><p>I cookie possono essere disabilitati o rimossi con strumenti disponibili all&#8217;interno della maggior parte dei browser commerciali. Le preferenze di ciascun browser utilizzato andranno impostate separatamente, poich\u00e9 browser diversi offrono funzionalit\u00e0 e opzioni diverse.<\/p><p><strong>Web beacon:<\/strong><br \/>piccole immagini grafiche (note anche come &#8220;pixel tag&#8221; o &#8220;GIF trasparenti&#8221;) che possono essere incluse nei nostri siti, servizi, applicazioni, piattaforme di messaggistica e strumenti, le quali, in genere, operano in combinazione con i cookie per identificare i nostri utenti e il loro comportamento.<\/p><p><strong>Altre tecnologie simili:<\/strong><br \/>le tecnologie in grado di memorizzare le informazioni nel browser o dispositivo dell&#8217;utente grazie a oggetti locali condivisi o a una memoria locale, come ad esempio i flash cookie, i cookie HTML 5 e altri metodi per software applicativi web. Queste tecnologie possono funzionare in tutti i browser. In determinate circostanze, potrebbero non essere gestite completamente dal browser dell&#8217;utente e potrebbe essere necessario gestirle direttamente tramite le applicazioni installate o tramite il dispositivo dell&#8217;utente. Non utilizziamo queste tecnologie per memorizzare informazioni al fine di dirigere annunci pubblicitari nei confronti dell&#8217;utente quando questi visita o non visita i nostri siti.<\/p><p>Potremmo utilizzare i termini &#8220;cookie&#8221; o &#8220;tecnologie simili&#8221; in maniera intercambiabile nelle nostre politiche per fare riferimento a tutte quelle tecnologie da noi utilizzate per memorizzare dati nel browser o nel dispositivo dell&#8217;utente o che sono in grado di raccogliere informazioni o contribuire all&#8217;identificazione dell&#8217;utente nel modo descritto in precedenza.<\/p><p><strong>Cookie utilizzati in questo sito web<\/strong><br \/>Questo sito web utilizza cookie di prestazione. Maggiori informazioni sui cookie di prestazione utilizzati in questo sito web sono disponibili di seguito.<\/p><p><strong>Cookie di prestazione<\/strong><br \/>Questi cookie ci consentono di calcolare le visite e la provenienza del traffico, in modo che possiamo migliorare le prestazioni del nostro sito. Contribuiscono a farci sapere quali pagine riscuotono pi\u00f9 successo e quali meno e ci mostrano in che modo i visitatori navigano all&#8217;interno del sito. Tutti i dati raccolti da questi cookie sono aggregati e quindi anonimi. Se l&#8217;uso di questi cookie non \u00e8 consentito, non potremo sapere quando l&#8217;utente ha visitato le nostre pagine e non riusciremo a monitorare le prestazioni del sito web.<\/p><p>Consultare la tabella che segue, in cui sono elencati i cookie di prestazione utilizzati in questo sito web.<\/p><div class=\"cookie-policy-table-wrapper\"><table><thead><tr><th scope=\"col\">Nome del cookie<\/th><th scope=\"col\">Durata<\/th><th scope=\"col\">1\u00b0 o 3\u00b0 parte<\/th><\/tr><\/thead><tbody><tr><td>_ga<\/td><td>2 anni<\/td><td>3\u00b0 parte<\/td><\/tr><tr><td>_gid<\/td><td>24 ore<\/td><td>3\u00b0 parte<\/td><\/tr><tr><td>_ga_&lt;container-id&gt;<\/td><td>2 anni<\/td><td>3\u00b0 parte<\/td><\/tr><tr><td>_gac_gb_&lt;container-id&gt;<\/td><td>90 giorni<\/td><td>3\u00b0 parte<\/td><\/tr><\/tbody><\/table><\/div><p><strong>Informazioni su questa politica<\/strong><\/p><p>La Politica sui cookie, di tanto in tanto, pu\u00f2 essere soggetta a modifiche a nostra discrezione, nella sua interezza o in parte. La versione pi\u00f9 recente del presente documento sar\u00e0 sempre disponibile sul nostro sito web ed entrer\u00e0 in vigore alla data del suo aggiornamento.<\/p>\t\t\n\t<\/div>\n<\/div>\t\t\t\t<\/div>\n\t\t\t\t<\/div>\n\t\t            <\/div>\n        <\/div>\n                    <\/div>\n        <\/section>\n        \t\t<\/div>\n\t\t","protected":false},"excerpt":{"rendered":"<p>Politica sui Cookie Masusagri (collettivamente \u201cNome Negozio Commerciante\u201d, \u201cnoi\u201d , \u201ccontrollo dati\u201d) rispettano la privacy dell&#8217;utente. Garantiamo che la privacy dell&#8217;utente \u00e8 protetta durante l&#8217;utilizzo del nostro sito Web o durante l&#8217;effettuazione degli ordini online.Masusagri fornisce beni e servizi ed \u00e8 il titolare del trattamento dei dati personali che l&#8217;utente fornisce quando effettua gli ordini.Il [&hellip;]<\/p>\n","protected":false},"author":10,"featured_media":0,"parent":0,"menu_order":0,"comment_status":"closed","ping_status":"closed","template":"","meta":{"footnotes":""},"class_list":["post-4992","page","type-page","status-publish","hentry"],"_links":{"self":[{"href":"https:\/\/masusaagriturismo.com\/index.php\/wp-json\/wp\/v2\/pages\/4992","targetHints":{"allow":["GET"]}}],"collection":[{"href":"https:\/\/masusaagriturismo.com\/index.php\/wp-json\/wp\/v2\/pages"}],"about":[{"href":"https:\/\/masusaagriturismo.com\/index.php\/wp-json\/wp\/v2\/types\/page"}],"author":[{"embeddable":true,"href":"https:\/\/masusaagriturismo.com\/index.php\/wp-json\/wp\/v2\/users\/10"}],"replies":[{"embeddable":true,"href":"https:\/\/masusaagriturismo.com\/index.php\/wp-json\/wp\/v2\/comments?post=4992"}],"version-history":[{"count":4,"href":"https:\/\/masusaagriturismo.com\/index.php\/wp-json\/wp\/v2\/pages\/4992\/revisions"}],"predecessor-version":[{"id":5001,"href":"https:\/\/masusaagriturismo.com\/index.php\/wp-json\/wp\/v2\/pages\/4992\/revisions\/5001"}],"wp:attachment":[{"href":"https:\/\/masusaagriturismo.com\/index.php\/wp-json\/wp\/v2\/media?parent=4992"}],"curies":[{"name":"wp","href":"https:\/\/api.w.org\/{rel}","templated":true}]}}